a**2 - a + 1. Calculate y(u).
-5
Suppose -12 = -4*p + 4. Suppose 0 = -5*c + p*r + 4, -3*c = 4*r - 0*r - 28. Suppose -c*b - 16 = -0. Let u(k) = -k**2 - 5*k - 4. What is u(b)?
0
Let o(u) = u**3 - 5*u**2 + 2*u + 2. Suppose -p - 48 = -5*p. Let a be p/72 + 11/6. Calculate o(a).
-6
Let p(i) = -5*i**3 - i**2 + i + 5. Let q(r) = -6*r**3 - r**2 + r + 5. Let l(b) = -5*p(b) + 4*q(b). Let n = 6 - 6. Give l(n).
-5
Let n = 8 + -5. Let p(a) = -2*a + 2. Calculate p(n).
-4
Let i(r) be the first derivative of -1 + 1/2*r**2 + 5*r. Suppose -p = -0*p. Calculate i(p).
5
Let u = 13 + -3. Let f(p) = -p + 7. Let j be f(u). Let k(m) be the third derivative of -m**6/120 - m**5/20 - m**4/12 - m**3/2 + m**2. Give k(j).
3
Let c(v) = v - 21. Let h be c(9). Let t = h - -7. Let p(m) = -m**2 - 6*m - 6. What is p(t)?
-1
Let h(j) = 10*j + 7. Let d(v) = -3*v - 2. Let c(u) = 7*d(u) + 2*h(u). Let z(w) = -3*w**3 - 2*w**2 + 1. Let y be z(1). Let g = y - 0. Give c(g).
4
Let g(j) = -4*j**2 + 2*j + 13. Let r(n) = 3*n**2 - 3*n - 12. Let x(c) = 4*g(c) + 5*r(c). Give x(-6).
-2
Let b be -5 - -3*(-1)/3. Let o(i) = i + 6. What is o(b)?
0
Let b(v) = v**2 + 4*v - 2. Suppose -i - 5*s = 19, -17 = 2*i + 2*s + s. What is b(i)?
-2
Let m be 0 - 10*(0 + -1). Let c = m + -6. Suppose -c = -4*h + 6*h. Let k(u) = u**2 - 1. Give k(h).
3
Let a(f) = -2*f**3 - f**2 + 3*f + 3. Let m(w) be the first derivative of -w**3/3 - 11*w**2/2 + 10*w + 3. Let k be m(-12). Give a(k).
9
Let y(q) be the third derivative of q**4/12 + q**3/3 + 7*q**2. Calculate y(-5).
-8
Let c = -9 + 12. Let y(t) = -2*t - 4. Determine y(c).
-10
Let s(v) = -v**2 - 2*v + 1. Let d be s(-3). Let o(u) = 2*u**2 + u - 5. Let l(p) = p**2 - 2. Let a(j) = d*o(j) + 5*l(j). Calculate a(2).
0
Let b(f) be the first derivative of f**2 - 3*f + 1. Let n(q) be the third derivative of -q**4/8 - q**3/3 - 4*q**2. Let x be n(-2). Calculate b(x).
5
Let r(t) = 5*t + 10. Let s(m) = 6*m + 11. Let b(i) = -5*r(i) + 4*s(i). Calculate b(-6).
0
Let k = 114 + -119. Let p(d) = d**2 - 3*d + 2*d + 5*d. What is p(k)?
5
Let b(h) = 2*h**2 - h**2 + 3 + 9*h - 2*h + 4. What is b(-6)?
1
Let h(x) = -2*x + 6. Suppose 0 = -q - 2 - 2, 4*k - 12 = -2*q. Calculate h(k).
-4
Let y(n) = n - 14. Suppose -10 = -3*m + 8. Give y(m).
-8
Let f(p) = -p - 1. Suppose -x + 4 = -2*x. What is f(x)?
3
Let u(n) = n**2 + 5*n - 6. Let k(c) = -4*c + 21. Let g be k(7). Determine u(g).
8
Let l(b) = -b**3 - 2*b**2 + 5*b + 3. Let d(k) = 2*k - 3. Let a be d(6). Suppose 15 = 4*t - a*t. Determine l(t).
-3
Let q(u) be the first derivative of -u**4/4 + u**3/3 + 2*u**2 - 3*u + 5. Let w = -5 - -7. Suppose 0 = n - w*n + 2. Give q(n).
1
Let c(g) be the third derivative of g**6/720 + g**5/60 - g**4/24 - g**2. Let f(u) be the second derivative of c(u). Give f(-4).
-2
Let i(p) = -95*p + 97*p + 1 + 1. Give i(-3).
-4
Let f(u) = -102 + 49 + u + 38. Give f(8).
-7
Let c = 19 + -25. Let s(u) = 5*u**2 + 31*u - 24. Let m(p) = -p**2 - 6*p + 5. Let d(h) = 11*m(h) + 2*s(h). Give d(c).
-5
Let j(l) be the second derivative of -l**3/6 - l**2 - l. Suppose -2 = 3*w + 22. Let s = w + 11. What is j(s)?
-5
Let i(w) = -3*w**2 - 4*w**2 + 0*w**2 + w. Calculate i(1).
-6
Let k(w) = 6*w**3 - 3*w**2 + 5*w. Let z(l) = 17*l**3 - 8*l**2 + 14*l. Let m(c) = -11*k(c) + 4*z(c). What is m(-1)?
-2
Let i = 0 + 1. Suppose 0 = -8*a + 7*a + i. Let m(k) = 11*k**2 - k. Determine m(a).
10
Suppose 14*v + 56 = -0*v. Let f(w) = 5*w**2 + 0*w + 4 + 7*w - w**3 + 2*w**3. What is f(v)?
-8
Let k(f) = f**3 - 3*f**2 - 2*f - 3. Suppose 5*z = 9 + 11. Determine k(z).
5
Let b(a) = a**3 - 4*a**2 - 5*a - 2. Let x be (-950)/(-22) + 4/(-22). Suppose 3*s = -4*m + x, 5 - 25 = -4*s. Let n(f) = f - 2. Let p be n(m). Calculate b(p).
-2
Let a(b) = 4*b - b + 0 + 2 + b. Let l(w) = 9*w + 3. Let f(v) = -7*a(v) + 3*l(v). Give f(5).
-10
Let i(t) = -t**2 + t - 1. Let w(u) = -4*u**2 + 5*u + 2. Let n(b) = -3*i(b) + w(b). Let f be (-2)/3*(-30)/4. Calculate n(f).
-10
Let d(j) be the second derivative of j**3/6 + j**2 + j. Give d(5).
7
Let x(k) = 515 - 260 - 2*k - 254. Determine x(-1).
3
Let b(j) = -11*j**2 + 6*j**2 - 3 + 4*j**2 + 9*j. What is b(7)?
11
Let n = 8 - 6. Let f be (n + (1 - -1))/2. Let z(y) = 2*y**2 - y + 1. What is z(f)?
7
Let n(b) = b**2 - 4*b + 2. Let y(a) = -5*a**2 + 19*a - 10. Let w(s) = 11*n(s) + 2*y(s). Give w(4).
-6
Suppose 6*s - s + 10 = 0. Let n(j) = -j**3 - 3*j**2 - 2. Calculate n(s).
-6
Let s be ((-2)/4)/((-15)/(-30)). Let r(i) = i**3 - i**2 + i + 1. Let w(t) = -2*t**3 - 3*t**2 + 2*t + 2. Let z(j) = -2*r(j) + w(j). Determine z(s).
3
Let o(b) = -4*b**2 - 4 - b**2 + 2*b - 8*b + 4*b**2. Calculate o(-5).
1
Let l(w) = -4*w**3 - w**2 + 0*w**3 + 6*w**3. Calculate l(2).
12
Let g(j) be the second derivative of j**4/12 + j**3 - j**2 - 28*j. Give g(-7).
5
Let u(b) = b**3 + 7*b**2 - 8*b + 6. Let o be u(-8). Suppose -4 = 2*w - o*w. Let k(f) = -6*f**3 + f**2 - 1. Give k(w).
-6
Let a(l) = -50*l + 1 + l**2 + 57*l + 0*l**2 + 0. Give a(-7).
1
Let p(i) = -i**3 - 6*i**2 + 5*i + 3. Let z(q) = -q**2 + q. Let o(t) = -p(t) + 5*z(t). What is o(0)?
-3
Let v(l) = -5*l**3 + 2*l - 2. Let a be v(1). Let i(w) = -w**3 - 4*w**2 + 5*w - 4. Calculate i(a).
-4
Suppose 0 = -3*w + 15, 0*y + 14 = 3*y + w. Suppose -y*h - 14 = 1. Let d(z) = -z**2 - 5*z - 2. Calculate d(h).
-2
Let p(k) = 1. Let d(h) = -2*h**3 + 2*h**2 + 2*h + 7. Let b(o) = d(o) - 6*p(o). What is b(-1)?
3
Let t(q) = -q**3 - 8*q**2 - 6*q + 10. Let u be t(-7). Let f(m) = 0 + 2 - 8*m - m**2 - u - 1. Determine f(-6).
10
Let h(g) = -39 + 13 + g**2 + 13 + 9. What is h(-4)?
12
Let g(r) be the second derivative of -1/2*r**2 + 0 - 1/6*r**3 - 1/4*r**4 + r - 1/10*r**5. Let v be ((-6)/9)/((-1)/(-3)). Determine g(v).
5
Let j(c) be the third derivative of -c**4/24 + 8*c**3/3 - 3*c**2. Let z be j(12). Let g(u) = u**3 - 3*u**2 - 5*u - 2. Determine g(z).
-6
Suppose 3*x - 13 = 5*q, -2*q - 26 = 4*x - 0*q. Let d(u) = -u + 2. Determine d(x).
6
Let f(q) = q**2 - 5*q - 2. Suppose -2*y - a + 14 = 2*y, -y - a + 2 = 0. Determine f(y).
-6
Let n(t) be the second derivative of t**4/12 - t**3 + 3*t**2/2 - 9*t. Give n(6).
3
Suppose 57 = -5*z - 14*z. Let i(q) = -q**2 - 7*q. Let x(g) = 1. Let n(j) = -i(j) + 4*x(j). Give n(z).
-8
Let p(h) = -4 - 3*h**2 - h**3 - 4*h + 3 - 8*h**2 + 5*h**2. Calculate p(-5).
-6
Let q(x) be the first derivative of x**2 + 3*x + 23. Calculate q(-6).
-9
Let b(l) be the second derivative of 0 - 1/2*l**2 + 1/3*l**3 - 1/12*l**4 + l. Let a = 4 + -2. Determine b(a).
-1
Let p(w) = 2*w**2 - w. Let x be p(2). Let z(a) = -5 - 6*a + x + 2. Suppose 2 = 2*m - 2. What is z(m)?
-9
Let i(m) = m - 2. Let n(t) = 1. Let u(g) = -i(g) + 6*n(g). Let y be u(8). Let q(j) = -j + 9. Calculate q(y).
9
Let f(w) be the first derivative of w**3/3 - 3*w**2 - 7*w - 3. Suppose 4*y - 6 - 18 = 0. Calculate f(y).
-7
Let b(u) = u**2 - u. Let k(m) = -m**3 + 8*m**2 + 8*m + 12. Let n be k(9). Let t(a) = 2*a**2 - 6*a + 1. Let l(c) = n*b(c) - t(c). Determine l(-4).
3
Let l(f) = -f**3 - f**2 + f + 2. Suppose 0 = -5*x - 0*u - 3*u - 71, 4*x - 2*u = -48. Let h = x + 13. Give l(h).
2
Let k(v) = 4*v**2 + v**3 - 1 - 1 + 0*v + v. Let w = 11 - 13. Give k(w).
4
Let s be (12/24)/(1/10). Let p(b) = b**2 - 5*b - 2. Calculate p(s).
-2
Let w(j) be the third derivative of j**5/60 + j**4/12 - j**3/3 - 25*j**2. Let i(o) = -o - 7. Suppose -2 = -5*h - 27. Let f be i(h). What is w(f)?
-2
Let z = 64 + -59. Let m(h) = -3*h - 12. Let a(t) = t + 4. Let v(l) = 8*a(l) + 3*m(l). Determine v(z).
-9
Let q be (1 + 2)*12/9. Let m(o) = o - 4 + q - 2. Give m(-5).
-7
Let f(s) = s**3 + 4*s**2 + 3*s + 2. Suppose 30 = -2*o + 24. What is f(o)?
2
Let r(i) = -i - 3. Let k = -44 + 39. Give r(k).
2
Let j(g) = -10*g + 3 + 2*g**2 - 6 + 3*g. What is j(6)?
27
Let o = -37 - -41. Let u(n) = 5*n. Give u(o).
20
Let h(s) = s**3 + 4*s**2 - 3*s - 5. Let g(a) = -a. Let x(p) = -g(p) + h(p). Let o(t) = 3*t**3 + 8*t**2 - 4*t - 11. Let j(d) = 2*o(d) - 5*x(d). Calculate j(3).
0
Suppose -5*a + 8*a = 18. Let g(h) = h**2 - 7*h + 6. Let u be g(a). Let o(r) = -6*r**2 + 4*r - 7. Let i(s) = -s**2 + s. Let x(m) = -5*i(m) + o(m). What is x(u)?
-7
Let d(c) = -7*c**2. Let g(n) = -n**2 + n - 1. Let q be g(1). Let h be 2 + (-3)/3 - q. Suppose -k - h = -1. Give d(k).
-7
Let b(u) = -13*u**3 - 3*u**2 - 15*u - 6. Let h(y) = 7*y**3 + 2*y**2 + 8*y + 3. Let k = -3 - 3. Let z(m)